*2 + 0 - 1/120*n**6 - 2/3*n**3 - 5/24*n**4. Determine l(6).
2
Let w(v) = 7*v - 3*v**2 + 2*v**2 + 0 - 4. Let u = -4 - -8. Let m(a) = a**3 - 4*a**2 + a + 1. Let l be m(u). Calculate w(l).
6
Let v(s) = 0 + 1 - 1 - s - 1. Let o be 2/4 + (-3)/2. Let m be o/((-1)/(-6)*-2). Give v(m).
-4
Let t be (-2)/(-12) - (-20)/24. Let m(f) = 2*f**3 - t + f**3 - f**2 - f**2 - f - 2*f**3. Give m(2).
-3
Let s(u) = u**2 - 6*u. Let o(l) = -5 + 6*l + 6*l**2 + 0 - 37*l + 4. Let x(v) = 2*o(v) - 11*s(v). Determine x(-5).
3
Let v = -8 + 4. Let a(m) = -m**3 - 5*m**2 - 2*m + 5. Determine a(v).
-3
Let w(v) = 7*v**2 - 12*v + 4. Let c(f) = 15*f**2 - 25*f + 9. Let d(i) = 6*c(i) - 13*w(i). Determine d(4).
10
Let p(u) = 3*u - 4. Let i = -5 - -7. Suppose 4 = -i*b + 12. Determine p(b).
8
Let x(b) = b**3 + 8*b**2 - 8*b + 8. Let k be x(-9). Let y(r) = r - 1. Let p(v) = -2*v**2 - 3*v + 6. Let h(j) = p(j) + 5*y(j). Calculate h(k).
-3
Suppose 0 = -2*h - 13 + 3. Let u(a) = -a**3 - 5*a**2 - 5. What is u(h)?
-5
Let q be 0/((-1)/1) - -2. Let c(v) = -5*v**2 - 2*v - v**3 - 5 - 2*v**2 + q*v**2. Let h(l) = l**3 + 3*l**2 + 2*l + 1. Let a be h(-3). Give c(a).
5
Let h = -2 - -4. Let x(n) = 0 + n**h + 2*n + 0 - 1. Give x(-2).
-1
Suppose -k + 6*k - 15 = 0. Let i = -7 + k. Let l(g) = -g - 2. Let o(y) = 1. Let h(j) = -l(j) - 5*o(j). Give h(i).
-7
Let u(r) = 3*r**3 - 29*r**2 + 3*r - 8. Let l(j) = j**3 - 10*j**2 + j - 3. Let t(p) = -17*l(p) + 6*u(p). Determine t(3).
-3
Let n = -30 - -33. Let d(i) = -i + 1. What is d(n)?
-2
Let l be (-4)/18 + 8/36. Let g(j) = 2 - 4 - j + l. Calculate g(-2).
0
Let a be 18/6 + -1 + -1. Let n(i) = -19*i**3 + 2*i - 1. Give n(a).
-18
Let g = 3 - 3. Suppose 35 = -g*z + 5*z. Suppose -2*p + 4*o + 14 = 0, z*o = p + 2*o - 22. Let y(v) = v**2 + 2*v + 3. Give y(p).
6
Let b = 7 - 4. Let y = -8 - -10. Let z(g) = -g**y + 2*g - 7*g + 2*g**2. Determine z(b).
-6
Let d(s) = s**2 - s. Let n(b) = -b**3 - 3*b**2 - 10*b - 7. Let u(i) = -3*d(i) + n(i). Determine u(-5).
3
Let a(k) = -3 + k + 6 - 2. Determine a(-4).
-3
Suppose 5*t - 4*o + 8*o = -18, 5*t + 5*o + 20 = 0. Let y be (2 + t)/(2*-1). Let b(u) = -1 + u + y + 2. Calculate b(-1).
0
Let w(c) be the third derivative of -c**6/120 - c**5/15 + c**4/24 - 7*c**3/6 + 8*c**2. Suppose 0 = -2*o - o + 5*t + 5, 4*t + 11 = o. Calculate w(o).
13
Let l(d) = -d**3 - 4*d**2 + 3*d + 2. Let j be 3/(-8) - 435/120. Determine l(j).
-10
Suppose 0 = 3*y - y + 8. Let o(h) = -h - 1. Let f(g) = -5*g - 8. Let n(u) = -f(u) + 6*o(u). Determine n(y).
6
Let y(v) = 7*v**3 + v + 1. Suppose -3*h = -h - 4. Let k = -3 + h. Calculate y(k).
-7
Let c(p) = -5*p + 1. Let a be -1*0/((-4)/(-4)). Let g be (-1)/(a + 2 - 3). What is c(g)?
-4
Let p be (-2)/(-11) - (-1530)/55. Let t be (-6)/(-9) + p/(-6). Let f(v) = v**2 + v - 2. Give f(t).
10
Let d(b) = -2*b**3 - 4*b**2 - 4*b - 4. Suppose -s + 1 = 4. Give d(s).
26
Let d(h) = -3*h - 1. Suppose p = 2, 2*r - 3*r = -p + 4. Give d(r).
5
Let n(s) be the third derivative of -s**7/2520 - s**6/720 + s**5/60 - s**4/12 - s**2. Let v(m) be the second derivative of n(m). Let h = -253 - -253. Give v(h).
2
Let a(f) = -2 - 3 - 39*f + 41*f + f**2. Give a(-4).
3
Suppose -h + 5*y = 3*h - 30, -5*h - 2*y = -21. Let w(k) = -h + k - 2*k + 3*k + 0*k. Determine w(5).
5
Let a(x) be the third derivative of x**4/12 + 2*x**2. Suppose -3*o = 2*o + 15. Give a(o).
-6
Let v(f) = -4 - 1 - 5*f**2 - 4*f + f**3 - f + 0*f. What is v(6)?
1
Suppose 3*n - 43 + 40 = 0. Let j(g) = 6*g**3 + g. Calculate j(n).
7
Let t(k) = k**3 + 6*k**2 - 5*k + 9. Let d be t(-7). Let s(r) = 0*r - 2 + 3 + r. Let w(c) = -4. Let v(l) = 2*s(l) - w(l). Determine v(d).
-4
Let y be (0 - -3) + 3 - 1. Suppose u + 20 = y*u. Let s(a) = a**2 - 6*a - 1. Calculate s(u).
-6
Let i(h) = -3*h - 9. Let o(t) = 3*t + 8. Let d(p) = -6*i(p) - 7*o(p). Suppose 0 = 2*s - 6*s - 8. What is d(s)?
4
Let d = -57 + 59. Let n(y) = -y**3 + 2*y**2 + y - 1. What is n(d)?
1
Let g(y) be the third derivative of y**4/12 + y**3/3 - 11*y**2. What is g(-2)?
-2
Let r(t) = -t**3 + 3*t**2 - t - 1. Let q(o) = 3*o - 6. Let s be q(7). Suppose 5*w - d - 19 = 0, 2*w - 4*d - 7 - s = 0. Give r(w).
-4
Suppose -5*c - 3*k - 5 = -0*k, -k - 5 = 0. Suppose c*s = -0*s. Let n(d) = d**2 + 6. Give n(s).
6
Let k(s) be the first derivative of 3*s**4/2 + s**3/3 + s**2/2 + 2. Let n be -5 - -4 - (0 - 0). Give k(n).
-6
Let m(h) be the second derivative of h**4/12 - h**3/6 + 5*h**2 + h. Suppose -p = 3*p - 64. Suppose 5*i + p = -4*a, 0 = -5*i + i - 4*a - 16. Give m(i).
10
Let p(r) = r**3 + r + 1. Suppose -5*f = -2*g + g, 4*f = -g. Give p(f).
1
Let j(w) = w**2 - 4*w + 1. Let p = -9 - -19. Let v be 4/(-10) + 24/p. Suppose v*u + 25 = 7*u. Calculate j(u).
6
Let d = 261 + -162. Let k be (-18)/d - 114/(-22). Let s(l) = l**3 - 6*l**2 + 6*l - 6. Give s(k).
-1
Let r(s) = 6*s - 7. Let m(o) = -5*o + 7. Let d(w) = -5*m(w) - 4*r(w). Determine d(0).
-7
Suppose 2 = -5*n + 7. Let f(j) = -j**2 - 10*j - 9. Let d be f(-9). Let z(i) = -i - 2*i + d*i + 1. Determine z(n).
-2
Let f(n) = n**2 - 6*n - 7. Suppose 5*v - 30 = -0*v. Give f(v).
-7
Let j = -4 + 9. Let c(q) be the first derivative of q**2/2 - q + 2. Let n be c(j). Let r(t) = 3*t - 1. What is r(n)?
11
Let u be (2 - 3)/((-5)/10). Let b(o) = -u - 2 + 7 + o + o**2. Give b(-4).
15
Let s(m) = m**2 + 8*m + 16. Let f be s(-4). Let w(h) = -h**3 - h**2 - h + 6. Calculate w(f).
6
Let k(z) = z**3 - z**2 - 1. Let v be 2/12 + (-70)/(-12). Suppose 0 = 2*x + v - 0. Let o = 5 + x. Calculate k(o).
3
Let n(k) = 2*k - 4*k - 3*k + 2*k. Let h(u) = u + 1. Let s be h(2). Calculate n(s).
-9
Let h be 78/10 + (-2)/(-10). Let l be (-47)/(-7) + h/28. Let n(a) = 3 - 4 - 2 - l*a - a**2. What is n(-3)?
9
Let d(u) = u**2 - 5*u - 4. Let h(j) = j - 13. Let f be h(6). Let v = f + 3. Let b(y) = -y**2 - 7*y - 6. Let a be b(v). What is d(a)?
2
Let n(a) be the second derivative of a**5/20 + a**4/3 - 5*a**3/6 + a**2 - 39*a. Calculate n(-4).
22
Let v(n) be the first derivative of -n**4/4 + 2*n**3/3 + 3*n**2/2 - 4*n + 25. Let c(y) = -y**3 - y**2 - y + 3. Let i be c(0). Determine v(i).
-4
Let b be (-2)/11 - (-12)/66. Let r(s) = s**3 + s - 6. Calculate r(b).
-6
Let q(u) = u - 14. Let f(x) = -x + 14. Let d(o) = -6*f(o) - 5*q(o). Let l = 15 + -9. Calculate d(l).
-8
Let l = 2 - 1. Suppose 4*j + l = 5. Let t(y) = -y**2 + 0 + y + 2 - j - 5*y**3. Calculate t(-1).
4
Let w(j) be the first derivative of j**3/3 + 3*j**2 + 21. What is w(-6)?
0
Let d(b) = -b**2 + 6*b - 4. Let m(g) = -g + 11. Suppose 2*h + 3*h - 15 = 0. Suppose -3 = i, 3*f - 2*i = -6*i + h. Let l be m(f). Calculate d(l).
-4
Let g(o) = o**2 - 3*o - 1. Let c = -163 - -161. Calculate g(c).
9
Let q(z) = z**2 + 3*z - 7. Let p be q(-5). Let t(i) be the first derivative of -i**4/4 + i**3 - i**2 + 11. Give t(p).
-6
Suppose -2*x = 2*x + 60. Let v be (-40)/x*6/4. Let b(d) = -d**2 + 5*d - 5. Determine b(v).
-1
Let c(b) = b**3 - 9*b**2 + 9*b - 12. Suppose 41 - 1 = 5*o. What is c(o)?
-4
Suppose 0 = 2*s + 4*y, 3*s = -0*s + 2*y + 24. Let j be -2 + 1 - (1 - s). Suppose -j = -u, -4*u = -0*t - 5*t + 4. Let v(r) = -r**2 + 2*r + 2. Calculate v(t).
-6
Let j(t) be the first derivative of t**4/4 + 2*t**3 + t + 21. Calculate j(-6).
1
Let a(x) = -x**2 - 3*x + 3. Let t(w) = -w**2 - 6*w - 4. Let j be t(-4). Suppose u - 4*r - 12 = 0, 2*u + u = -2*r + 8. Suppose 3*q = j*q + u. Calculate a(q).
-1
Let w be -5 - (1 + -2) - -3. Let s(o) = -6*o**2 - o - 1. Determine s(w).
-6
Let w(r) = r**2 - 6*r - 11. Let g be w(8). Let j(i) = -i**2 + 5*i + 4. What is j(g)?
4
Let t(m) = -m**2 + m + 5. Let f(y) = -2*y**2 + 3*y + 11. Let j(g) = -2*f(g) + 5*t(g). What is j(-4)?
-9
Let u be 47/9 - 4/18. Let c = -13 + 15. Let r(v) = c - u*v - 2*v**3 + 4*v - v**2 + 3*v**3. What is r(2)?
4
Let a(c) = c + 2. Suppose o - 15 = -5*d, -2*o = -4*d + 2*o - 12. Suppose 27 - 3 = d*u. Suppose -q = -3*q - u. Determine a(q).
-4
Let h(l) = l**3 - 4*l**2 + 1. Let f(q) = -4*q + 4. Let n be f(-4). Let d be 2 - (2/(-1) - -2). Suppose 0 = d*g + 3*g - n. What is h(g)?
1
Let y(d) be the first derivative of d**3/3 + 2*d - 1. Let s be 3 - (14/4 + 75/50). Give y(s).
6
Let m = 3 - 3. Suppose -3*a + 5*q - 4 = m, 3*a - q = 2*q. Suppose 4 = -r + a. Let v(d) = d**2 + 3*d + 2. What is v(r)?
0
Let h(i) be the second derivative of i**4/12 - 5*i**3/3 + 11*i**2/2 + 2*i + 2. Give h(8).
-5
Let q(c) = -4*c + 